False
Is 5437765 prime?
False
Is 123853 composite?
False
Is 238783 prime?
False
Is 17827 a composite number?
False
Is 188791 prime?
True
Is 9337 composite?
False
Is 25733 a composite number?
False
Is 158609 a prime number?
False
Is 1973 composite?
False
Is 578273 a composite number?
True
Is 90821 a composite number?
False
Is 113279 a prime number?
True
Is 13367 composite?
False
Is 65517 a composite number?
True
Is 286831 a composite number?
False
Is 352991 composite?
False
Is 2408863 a composite number?
False
Is 41177 prime?
True
Is 521426 prime?
False
Is 5581 a prime number?
True
Is 575711 a composite number?
False
Is 555337 a prime number?
True
Is 38461 prime?
True
Is 579673 prime?
True
Is 101957 composite?
False
Is 1587515 composite?
True
Is 70823 a prime number?
True
Is 6101 composite?
False
Is 7715 prime?
False
Is 49559 a prime number?
True
Is 17783 a prime number?
True
Is 32203 prime?
True
Is 8651 prime?
False
Is 326537 a prime number?
True
Is 19787 a prime number?
False
Is 7789 a prime number?
True
Is 31829 a composite number?
True
Is 39703 a composite number?
False
Is 553 a composite number?
True
Is 8369 a composite number?
False
Is 1261 a prime number?
False
Is 2225101 composite?
False
Is 343769 a prime number?
True
Is 5361 composite?
True
Is 763181 a prime number?
False
Is 9505 a composite number?
True
Is 327083 a composite number?
True
Is 514933 prime?
True
Is 5923 a composite number?
False
Is 523651 prime?
False
Is 395243 a prime number?
True
Is 232033 a prime number?
False
Is 307 a composite number?
False
Is 3427 composite?
True
Is 83935 a composite number?
True
Is 376351 composite?
False
Is 11561 prime?
False
Is 296935 a composite number?
True
Is 2317423 a prime number?
False
Is 5723 a prime number?
False
Is 57037 a composite number?
False
Is 16649 prime?
True
Is 1657 composite?
False
Is 92623 a prime number?
True
Is 155131 a prime number?
False
Is 777731 prime?
True
Is 7507 prime?
True
Is 16483 prime?
False
Is 1477705 a composite number?
True
Is 121039 composite?
False
Is 6333 a composite number?
True
Is 13519 prime?
False
Is 752891 composite?
False
Is 110419 a composite number?
False
Is 4417 prime?
False
Is 21083 composite?
True
Is 260267 a prime number?
False
Is 856409 composite?
True
Is 1048771 a prime number?
False
Is 93007 prime?
False
Is 108343 prime?
True
Is 1754 a composite number?
True
Is 460309 a composite number?
True
Is 474059 prime?
True
Is 293 composite?
False
Is 112687 composite?
False
Is 629 composite?
True
Is 194647 a composite number?
False
Is 113209 composite?
False
Is 28857 a composite number?
True
Is 3505 composite?
True
Is 235871 composite?
False
Is 55439 a composite number?
False
Is 10133 a composite number?
False
Is 43451 prime?
True
Is 167593 composite?
False
Is 1567 a prime number?
True
Is 52141 prime?
False
Is 238179 prime?
False
Is 14761 a prime number?
False
Is 108343 composite?
False
Is 42707 prime?
False
Is 974189 prime?
True
Is 409097 a composite number?
True
Is 681319 a prime number?
False
Is 393523 a composite number?
True
Is 89785 a prime number?
False
Is 455393 a composite number?
False
Is 12641 prime?
True
Is 9607 a prime number?
False
Is 2609 composite?
False
Is 5111 prime?
False
Is 190147 prime?
True
Is 6823 a prime number?
True
Is 77759 composite?
True
Is 47479 prime?
False
Is 257519 prime?
True
Is 9977 a composite number?
True
Is 2579 a composite number?
False
Is 14693 a prime number?
False
Is 1117 a prime number?
True
Is 65818 prime?
False
Is 38393 prime?
True
Is 410809 prime?
False
Is 316877 a composite number?
True
Is 1027941 a composite number?
True
Is 3491 composite?
False
Is 86169 composite?
True
Is 55787 a prime number?
True
Is 8935 a composite number?
True
Is 4253 a prime number?
True
Is 14173 a composite number?
False
Is 4889 a prime number?
True
Is 10039 composite?
False
Is 3214171 a composite number?
False
Is 10061 a composite number?
False
Is 94157 a composite number?
True
Is 4247 prime?
False
Is 3505 composite?
True
Is 861103 a composite number?
True
Is 9017 a composite number?
True
Is 49093 composite?
True
Is 8921 prime?
False
Is 1869929 a composite number?
False
Is 27309 a composite number?
True
Is 134989 prime?
True
Is 84629 composite?
False
Is 15449 composite?
True
Is 13451 composite?
False
Is 6733 a prime number?
True
Is 46119 prime?
False
Is 39595 a prime number?
False
Is 24547 prime?
True
Is 401239 a prime number?
False
Is 5903 composite?
False
Is 690673 prime?
True
Is 11419 composite?
True
Is 495221 composite?
False
Is 35218 a prime number?
False
Is 72989 prime?
False
Is 57221 composite?
False
Is 92503 a composite number?
False
Is 12319 a prime number?
False
Is 76631 prime?
True
Is 28097 a composite number?
False
Is 1229 prime?
True
Is 77151 a prime number?
False
Is 191 a prime number?
True
Is 188291 composite?
False
Is 73771 a composite number?
False
Is 114337 prime?
False
Is 84787 prime?
True
Is 14941 composite?
True
Is 12661 composite?
True
Is 25793 a prime number?
True
Is 379 a prime number?
True
Is 206879 composite?
False
Is 1823 a prime number?
True
Is 25183 composite?
False
Is 14545 prime?
False
Is 277555 composite?
True
Is 136361 a prime number?
True
Is 132281 a composite number?
True
Is 20369 composite?
False
Is 30529 a prime number?
True
Is 14491 a prime number?
False
Is 491899 composite?
False
Is 24997 composite?
True
Is 97189 composite?
True
Is 47981 a prime number?
True
Is 351623 a composite number?
True
Is 5903 composite?
False
Is 16249 composite?
False
Is 45371 prime?
False
Is 132743 a composite number?
True
Is 11447 prime?
True
Is 7513 prime?
False
Is 301267 prime?
True
Is 3359 prime?
True
Is 25687 prime?
False
Is 24391 composite?
False
Is 83477 prime?
True
Is 730069 a prime number?
True
Is 139267 prime?
True
Is 30881 prime?
True
Is 33639 a prime number?
False
Is 10687 composite?
False
Is 17311 a prime number?
False
Is 558307 a composite number?
False
Is 2719265 a prime number?
False
Is 8419 prime?
True
Is 1546799 prime?
True
Is 74353 a composite number?
False
Is 118343 a prime number?
True
Is 10321 composite?
False
Is 12179 a composite number?
True
Is 6449 composite?
False
Is 24161 composite?
True
Is 671797 a prime number?
False
Is 144379 composite?
False
Is 1009139 composite?
False
Is 10901 a composite number?
True
Is 571673 composite?
False
Is 1431245 composite?
True
Is 17335 prime?
False
Is 78673 a prime number?
False
Is 74747 composite?
False
Is 7033 a composite number?
True
Is 72901 a prime number?
True
Is 5077 a prime number?
True
Is 42247 a prime number?
False
Is 217 a composite number?
True
Is 73769 a prime number?
False
Is 445261 a prime number?
True
Is 1041719 composite?
True
Is 140269 a prime number?
True
Is 1578353 a composite number?
True
Is 23369 prime?
True
Is 1567 composite?
False
Is 195493 a composite number?
False
Is 162209 a composite number?
False
Is 2055101 a composite number?
False
Is 367849 a composite number?
False
Is 28103 composite?
True
Is 36509 composite?
True
Is 343061 composite?
False
Is 17011 composite?
False
Is 17011 composite?
False
Is 162793 prime?
False
Is 247193 a composite number?
False
Is 537733 a prime number?
False
Is 20093 composite?
True
Is 207637 a composite number?
True
Is 160541 prime?
True
Is 5137 prime?
False
Is 5873 a composite number?
True
Is 24749 a composite number?
False
Is 508814 a composite number?
True
Is 5489 prime?
False
Is 65677 composite?
False
Is 21283 a composite number?
False
Is 47267 prime?
False
Is 635 prime?
False
Is 35481 a prime number?
False
Is 672409 a prime number?
False
Is 24571 prime?
True
Is 130859 a prime number?
True
Is 277157 a composite number?
False
Is 63469 composite?
True
Is 6469 a composite number?
False
Is 55999 prime?
False
Is 27647 prime?
True
Is 407285 a composite number?
True
Is 37283 prime?
False
Is 606223 prime?
True
Is 36029 composite?
True
Is 33259 a prime number?
False
Is 790781 prime?
True
Is 341371 prime?
False
Is 135637 prime?
True
Is 11599 prime?
False
Is 28949 prime?
True
Is 54721 composite?
False
Is 8551 a composite number?
True
Is 29899 composite?
True
Is 114143 prime?
True
Is 6067 prime?
True
Is 2095 a composite number?
True
Is 1733 composite?
False
Is 4049 a composite number?
False
Is 80273 prime?
True
Is 15121 a prime number?
True
Is 337297 a prim